a = 57 - 58. Let t be (1 - (0 - -1))/(2*a). Let w be 2/(5/10 + t). Calculate the highest common factor of 36 and w.
4
Let z = -273 - -273. Suppose -2*y - 91 + 117 = z. What is the highest common factor of 39 and y?
13
Let r = -134318 + 134570. Let v = 1 - -2. Suppose -4*g + v + 57 = 2*h, -2*h + 4*g + 52 = 0. What is the greatest common factor of h and r?
28
Let n(v) = 11*v**2 + 4*v + 1. Let d be n(-1). Suppose -p - d = -9. What is the highest common divisor of p and 32?
1
Let c = -68 + 77. Suppose -c*v = -v - 1960. What is the greatest common factor of 5 and v?
5
Let w = -294 + -188. Let x = w - -498. Let f be 2*(3 - 2) - -174. Calculate the greatest common divisor of x and f.
16
Let a(n) = 2*n**3 - n**2 + 3*n + 2. Let d be a(2). Suppose 0 = 3*s + d - 29. What is the highest common divisor of 22 and s?
1
Let b be (-7)/((-14)/5)*72/15. Suppose 6749 - 2213 = b*l. What is the greatest common divisor of 162 and l?
54
Let p = -6 + 62. Let u(m) = -2*m**3 + 44*m**2 + 39*m - 834. Let w be u(22). Calculate the highest common divisor of p and w.
8
Let j be (-5 - 1)/(3/6 - 2). Suppose 3*m - j = 8. Suppose 0*u + 12 = -u + 4*d, -m*u = 5*d - 57. Calculate the greatest common divisor of u and 12.
4
Let b be (-2)/((-1)/48*2). Let z(s) = s**2 - 921*s - 26440. Let i be z(-28). Calculate the greatest common factor of b and i.
12
Suppose 71 = -7*r + 92. Suppose r*c = -2*m + 275, -2*m = 5*c - c - 370. What is the greatest common factor of 133 and c?
19
Suppose -a + 227 = h, -3*h - 5*a + 685 = -0*a. Calculate the greatest common factor of 15 and h.
15
Suppose 14 = -5*p + g, -5*g + 0*g = p + 8. Let x be p - ((-4)/(-4) + 1). Let i(b) = -6*b - 2. Let l be i(x). Calculate the highest common factor of 112 and l.
28
Let x(z) = z**3 - 7*z**2 - 9. Let v be x(7). Let w be (-3)/v - (-74)/3. Suppose 2420 = 210*n - 121*n + 153*n. What is the greatest common divisor of w and n?
5
Suppose 75*j - 755136 = -25*j + 31*j. What is the highest common factor of 760 and j?
152
Let a(k) = -2*k**2 - 4*k - 2. Let h be a(-5). Let d be h/6*9/48*36. Let i be (10/3)/((-2)/d). Calculate the greatest common factor of i and 40.
20
Suppose 41*b - 448 = 39*b - 2*f, 0 = 2*f + 2. Calculate the highest common divisor of 1287 and b.
9
Let b = 2337 + 78. Suppose 26*a = 3*a + b. Let f = -3 - -18. Calculate the highest common factor of a and f.
15
Let r(m) = 29*m**2 + 5*m + 4. Let y be (7 - 6)/(-1 + 0). Let t be r(y). Calculate the greatest common factor of t and 168.
28
Let n be ((-57)/38)/(1/(-86)). Let s = n - -16. Let f(x) = -4*x**3 - 2*x**2 - 6*x - 7. Let p be f(-2). What is the highest common divisor of p and s?
29
Let v(y) = 48*y**2 - 22*y**2 - y + 5 - 27*y**2. Let o be v(-5). Let j = o - -43. Calculate the greatest common divisor of j and 28.
28
Suppose 53*l - 44880 = 19*l. What is the greatest common divisor of 24 and l?
24
Let k(m) = -280*m - 254. Let o be k(-1). What is the highest common divisor of 598 and o?
26
Let n = -95 + 99. Let t be (2 - (-1935)/35) + n/(-14). Calculate the greatest common divisor of t and 76.
19
Let i(f) = 17*f + 6. Let t = 67 - 62. Let a be i(t). Let p be (a*-2 - (14 + -16))*-2. What is the greatest common factor of p and 40?
40
Suppose -b - y + 4132 = 0, y = 2*y - 7. Calculate the greatest common factor of 1000 and b.
125
Let w = 523 + -532. Let m be (-112)/(-12)*(w + 3 + 12). Let p(h) = -h**2 - 8*h - 5. Let a be p(-6). What is the highest common divisor of m and a?
7
Let g be (4/4)/((-5)/(-35)). Suppose 0 = -w - 3*t + 20, g*w - 11*w + t + 106 = 0. What is the highest common divisor of 754 and w?
26
Let v(d) = 3 - 5 + d - 4. Let j(f) = -f**2 - 5*f + 20. Let t be j(-6). Let o be v(t). Calculate the greatest common factor of o and 12.
4
Let j(h) = h**3 + 8*h**2 + 9*h - 13. Let u be j(-6). Suppose 4*m + u*p = 26 + 10, -5*m = -4*p - 86. What is the highest common factor of m and 70?
14
Let t = 92 + -86. Let a = t - -24. What is the highest common factor of 20 and a?
10
Suppose -3*a + 698 = 2*b, -2*a - 9*b + 5*b = -468. Suppose 792 = 14*i + a. Calculate the greatest common divisor of 180 and i.
20
Suppose -110*n + 105*n - 20 = 0. Let f be -2 + (-26)/n - (-1)/(-2). Suppose 0 = 6*m - 3*m - 24. Calculate the greatest common divisor of f and m.
4
Suppose 8*k - 63 = 17. Suppose -k*q + 380 = -0*q. Calculate the highest common divisor of 209 and q.
19
Let t = 18982 - 18660. What is the highest common divisor of 2530 and t?
46
Let c = 48 + -50. Let l be -14 - c/((-4)/(-4)). Let s be 9/l*(-1 - 3). What is the highest common divisor of 2 and s?
1
Let f(r) = r**2 - 17*r - 50. Let c be f(20). Let u(n) = -3*n**3 + 29*n**2 + 10*n + 1. Let g be u(c). What is the greatest common factor of g and 1?
1
Suppose -2*q - 2*i + 10 = 0, 2*q - 3*i - 2*i = 45. Suppose 0 = 88*f - 77 - 2563. Calculate the highest common factor of f and q.
10
Let l(r) = 87*r**2 + 4*r. Let d be l(1). Suppose 5*m = -4*c - 206, -39 = c - 2*m - 3*m. Let o = d + c. Calculate the highest common factor of o and 14.
14
Let u be (-7 + 6 + -13)/(1 + -2). What is the greatest common divisor of 3584 and u?
14
Suppose 325*w + 6630696 = 553*w. Calculate the highest common factor of 131 and w.
131
Suppose 2*s = 4*i + 6*s - 248, 0 = -i - 3*s + 70. What is the greatest common divisor of i and 203?
29
Let z be 12/(-78) - 138129/(-533). What is the highest common factor of z and 851?
37
Suppose -118*f = -2517 - 1543 - 188. Suppose j + 5*o = 11 + 15, j - o - 50 = 0. Let t = j - -8. What is the greatest common divisor of t and f?
18
Let y = 3931 - 3917. What is the highest common factor of 4305 and y?
7
Let d = 226 + -223. Suppose -6*s + 58 = -2*s - 2*n, -s = -d*n - 22. Calculate the highest common divisor of 91 and s.
13
Let i be 18/4*(-1870)/(-765). Let q be 3170/(-6 + i) - (5 - 0). Calculate the greatest common factor of q and 34.
17
Let w be (-4)/80 + (-3)/15 + 837/4. Calculate the greatest common divisor of w and 341.
11
Let a be (-162)/(-486) - -24818*22/12. What is the greatest common divisor of a and 25?
25
Let r be 12*(147/(-28))/((-6)/(-10)). Suppose -3*c + 328 = -4*z, -5*c + 3 = -17. Let b = z - r. Calculate the greatest common divisor of 26 and b.
26
Let w(f) be the second derivative of f**5/20 - 19*f**4/12 + 19*f**3/6 - 9*f**2/2 + 174*f. Let q be w(19). Calculate the greatest common divisor of q and 132.
44
Let j = 2 + -51. Let o = -43 - j. Let b(q) = 12*q**2 - 2*q - 2. Let y be b(2). Calculate the highest common divisor of y and o.
6
Let r(d) = 28*d + 1004. Let b be r(-35). Suppose 12 = s + 2*s. Suppose 0 = s*l - 294 - 474. Calculate the highest common divisor of l and b.
24
Let s = -5894 - -5939. Calculate the greatest common divisor of 135 and s.
45
Let p = 220 - 201. Calculate the greatest common divisor of p and 10963.
19
Let o(q) = -6*q + 32. Let w = -18 + 23. Let z be o(w). Suppose -2*c + z*m = -68, m + 4*m + 71 = 2*c. What is the greatest common factor of c and 22?
11
Let t = 295 - -297. Let m = -46 - -83. Calculate the greatest common factor of t and m.
37
Let v(k) = -3*k - 68. Let x(f) = -f**2 + 7*f + 171. Let n be x(18). Let s be v(n). Calculate the highest common divisor of s and 26.
13
Let d be 14*(-25)/(-20) - (-4)/8. Calculate the highest common factor of d and 39.
3
Suppose -193 = -113*o + 1163. What is the highest common divisor of o and 114?
6
Suppose -33*p + 11415 = -13269. Calculate the greatest common divisor of 176 and p.
44
Let j = -942 - -1475. Let z = 15011 + -14970. Calculate the greatest common divisor of z and j.
41
Let k be 296 - 1/(1/4). Let n = k + -162. Suppose 3*p - n = -5*b + 24, 5*b - 2*p = 164. Calculate the highest common divisor of b and 80.
16
Let g be (-4 + (-30)/(-9))/((-4)/18). Suppose 25 = 5*j - 5*o, g*j - 27 = 7*o - 10*o. What is the greatest common factor of 7 and j?
7
Let z be 466/(-6) - (-7)/(-21). Let h be ((-416)/z)/(2/3). Calculate the greatest common factor of h and 60.
4
Let r = 374 - 242. Suppose 5*h = r + 323. Let x be -2 - (-6)/((-18)/(-123)). What is the greatest common factor of x and h?
13
Suppose 140*l = -295*l + 19*l + 2496. Calculate the highest common factor of 31542 and l.
6
Let f = 913 - 907. Calculate the highest common factor of 376 and f.
2
Let b = -104 + 102. Let p be (-2)/4 + (97/2 - b). Let s be p/(-40)*(-2 + -50). What is the highest common factor of 1